= -u**2 + 8*u - 6. Let l be o(6). Suppose -s + l*s = 80. Calculate the highest common divisor of 4 and s.
4
Let o be (-854)/(-35) - 2/5. Suppose -50 = -5*m - 2*a, -3*a - 6 = -3*m + o. What is the greatest common factor of m and 10?
10
Let t(z) = 19*z**2 - 11*z. Let k be t(-3). Calculate the highest common factor of k and 12.
12
Let x = 33 - 18. What is the highest common divisor of 5 and x?
5
Suppose 0 = d + 4*d - 10. Let q be 7 + -10*5/10. Calculate the greatest common factor of d and q.
2
Let h(b) = 10*b**2 + b - 1. Let a be h(1). Let o be 6*-1*6/(-4). Let z = o - -1. Calculate the highest common factor of z and a.
10
Let n be 4 + (-1 - (3 - 2)). Let o(w) = -7*w + w**n - 2 + 2 + 4. Let g be o(8). Calculate the highest common factor of 12 and g.
12
Let j = 10 + -6. Suppose -4*c + m = -158, 0 = -5*c - 0*c - j*m + 208. What is the greatest common divisor of c and 20?
20
Let i(r) = -2 - 4*r**2 + 3*r**2 + 10*r**3 - 38*r**3 - r**2 - 3*r. Let v be i(-2). Let h = -24 + 44. What is the greatest common divisor of h and v?
20
Let u = -24 + 13. Let w = -5 - u. Suppose 144 = -0*q + 3*q. What is the highest common factor of w and q?
6
Let d(m) = 4*m. Let j = 7 - -5. Suppose -j = -i - i. Let a be d(i). Calculate the greatest common factor of 6 and a.
6
Let x = -27 + 54. Suppose 2*h - 3*f - 27 = 0, 1 + 14 = 5*h + 3*f. Suppose h*i = 2*i + 36. Calculate the highest common divisor of i and x.
9
Let m = 46 - 43. Calculate the highest common divisor of 1 and m.
1
Let o be 10/4*32/40. Suppose -o*i = i - 84. Suppose -5*s + 21 = -2*s. What is the greatest common factor of s and i?
7
Suppose 0*z - 5*w + 5 = z, -3*w + 69 = 5*z. Suppose 4*f = 6*f - 30. What is the greatest common divisor of f and z?
15
Suppose -6*b = -23 - 157. Suppose -u + 7 = 2*w - 3, u - b = 3*w. What is the highest common divisor of u and 108?
18
Let z = -251 - -458. Suppose -3*m = 4*a - z - 18, 225 = 3*m + 3*a. Calculate the highest common divisor of m and 15.
15
Suppose -3*l - 31 = -5*d, -d + 4*l = 2*d - 12. Calculate the highest common factor of 88 and d.
8
Suppose -3*a - 3*i + 72 = 0, 4*i - i + 53 = 2*a. What is the highest common divisor of a and 25?
25
Let t = -20 - -10. Let n = 20 + t. What is the highest common divisor of n and 110?
10
Let j(k) = 23*k - 3. Let o be j(2). Calculate the greatest common divisor of o and 387.
43
Suppose 4*k - l - 2*l - 68 = 0, k + 2*l - 6 = 0. What is the highest common divisor of 42 and k?
14
Suppose 3*f - 4*k = 125, 5*f - 2*k = -k + 180. What is the highest common factor of f and 385?
35
Let n = 14 - 0. What is the highest common divisor of n and 98?
14
Suppose 13*x - 288 = 5*x. What is the highest common factor of x and 54?
18
Let t be (10/4)/(10/24). Suppose -z + 16 = -8. What is the highest common factor of t and z?
6
Let d(i) = -i**3 + 7*i**2 + 10*i - 4. Let c be d(4). Let x be (1/2)/((-2)/(-8)). Let a = 16 - x. Calculate the greatest common divisor of a and c.
14
Let y = -1 + 4. Suppose y*x + x - 200 = -4*q, -3*q - 4*x = -155. Let f be (-12)/(-9)*q/6. Calculate the highest common factor of f and 10.
10
Let u(o) = o**2 + 63. Let w be u(0). What is the highest common factor of w and 9?
9
Let n = 7 - 1. Let g = 7 + -7. Suppose g*p = -3*p + 54. What is the highest common divisor of n and p?
6
Let z(o) = -13*o**3 + o. Let i be (5/(-15))/((-2)/(-6)). Let h be z(i). What is the highest common divisor of 6 and h?
6
Suppose 33 = -2*a + 3*a. Calculate the greatest common divisor of a and 231.
33
Let l(o) = -32*o + 13. Let s be l(-2). What is the highest common factor of 7 and s?
7
Let a be (4/5)/(4/30). Suppose n - 5*m = 1 + 9, 5*n - 23 = -2*m. Let b be -2 + n/(0 + 1). Calculate the highest common factor of b and a.
3
Let a(g) = -2*g**3 + 2*g**2 + 4*g - 4. Let k(o) = o**3 + o. Let t(j) = a(j) + k(j). Let l be t(3). Calculate the greatest common factor of l and 5.
1
Suppose 2*g + l - 40 = 4*l, -4*l - 61 = -3*g. Let s be (-4)/10 - 54/(-10). Let f = g + s. Calculate the highest common divisor of 4 and f.
4
Let r(s) = -28*s. Let g be r(-7). What is the highest common factor of 28 and g?
28
Suppose 0 = -4*k + 19 - 47. Let j = k + 25. Calculate the highest common factor of j and 126.
18
Suppose d - 3 = 2. Suppose -d*v = -3*v - 4. What is the highest common divisor of v and 6?
2
Let i be 248/60 + 4/(-30). What is the greatest common factor of 4 and i?
4
Let z = 62 + -43. Calculate the highest common factor of 152 and z.
19
Suppose 2 = 2*h - 52. Let r = 44 + 7. Let y = r - h. Calculate the greatest common factor of 3 and y.
3
Suppose -5*f + 42 = 17. Suppose 2*r + 15 + 49 = 4*z, -4*z = -8. Let w = -3 - r. What is the greatest common factor of f and w?
5
Let b = 15 + -25. Let s = b + 14. Suppose -s*k + 2*h = -k - 158, 5*h - 249 = -4*k. What is the greatest common factor of 8 and k?
8
Let x = 12 + 4. Suppose 2*s = 6, 2*i - 3*s - 183 = -i. Calculate the greatest common factor of i and x.
16
Let q(p) = -p**2 - 5*p - 2. Let u be q(-4). What is the highest common divisor of 16 and u?
2
Suppose -f + t = -2*f + 13, 4*f - 3*t = 66. Suppose 5*n = 125 + 1095. Let b = -109 + n. Calculate the greatest common factor of b and f.
15
Let a = 17 + -10. Let u be 57 + -3 + 4 + -2. Calculate the greatest common factor of a and u.
7
Let i be 16/(-20)*(-15)/2. Suppose 0 = -0*t - 3*t + 108. What is the greatest common divisor of i and t?
6
Let d = -27 + 55. What is the greatest common factor of d and 7?
7
Let a(c) = 3*c**2 + 1. Let d be a(3). What is the greatest common factor of d and 84?
28
Suppose 0*x - 4 = 2*x. Let n be x/(-4) + 478/4. What is the highest common factor of n and 15?
15
Suppose 6 = 5*l - 14. Let s(g) = 11*g**2 - g + 2. Let b be s(2). What is the highest common divisor of l and b?
4
Let k(v) = -7*v**2 - v - 3. Let j be k(4). Let t = j - -207. Calculate the highest common factor of t and 8.
8
Suppose -n + 4*a + 202 = 2*n, -3*a + 63 = n. Let l be -5*(2 + n/(-15)). What is the greatest common factor of 12 and l?
12
Let v(y) = -y**3 + y + 22. Let a be v(0). Let r = 0 + 3. Suppose 0 = u - r*u - 6, -5*i + 5*u + 125 = 0. What is the greatest common factor of a and i?
22
Let z = 15 + -5. Calculate the highest common factor of 60 and z.
10
Let u(t) = 2*t**3 - 7*t**2 + 7*t - 5. Let p be u(4). What is the highest common factor of 52 and p?
13
Let t(i) = 13*i**2 - i - 1. Let b be t(-5). Calculate the greatest common divisor of b and 47.
47
Let f be (-3)/((-2)/6 - (-91)/624). Let y(c) = c + 3. Let v be y(5). What is the greatest common factor of v and f?
8
Let p = -5 + 2. Let c be (-15)/(-2) + p/(-6). What is the greatest common factor of 88 and c?
8
Let v = 42 + -13. Calculate the highest common divisor of 58 and v.
29
Let z(m) = 26*m - 3. Let d be 4 - 3/(-5 + 2). Suppose t - d + 2 = 0. Let i be z(t). What is the greatest common factor of i and 30?
15
Let s(z) = 2*z - 15. Let m be s(13). Let n(k) = 12*k - 22. Let l be n(m). What is the highest common factor of 44 and l?
22
Suppose 2*n - 5 = 5. Suppose 4*k + n = 5*z, k + 9 = -z + 1. Let i(w) = -w + 1. Let m be i(z). What is the highest common factor of 6 and m?
2
Let f be (18/(-5))/(-3)*5. What is the greatest common factor of 30 and f?
6
Suppose -4*y + 1342 = -282. Suppose 0 = p + 4*p + 2*f - y, -5*f + 154 = 2*p. Let c be p/8 + 5/(-20). What is the highest common divisor of 5 and c?
5
Let k = 18 - 26. Let m = k + 13. Suppose m*t - 64 = -4. Calculate the greatest common divisor of t and 36.
12
Let g(b) = -b**3 + 3*b**2 + b - 1. Let y be g(3). Let u be (y + (-20)/8)*-44. Let p be ((-154)/4)/(2/(-8)). What is the highest common factor of p and u?
22
Let o = 187 - 114. Suppose -5*a = -o - 227. What is the highest common divisor of 6 and a?
6
Let q be (-4)/8*(1 + -5). Let z(l) = -l + l**q - 4*l + 3 + l. Let m be z(6). What is the greatest common factor of m and 10?
5
Suppose -2*k + 129 = 3*l + 3*k, 2*k = -4*l + 158. Calculate the highest common divisor of 57 and l.
19
Suppose 2*d - x - 4*x = 72, -4*d + x + 108 = 0. Calculate the highest common factor of d and 13.
13
Suppose a = 5 + 11. What is the greatest common factor of 80 and a?
16
Suppose -240 = -4*y - 4*t, -2*t = 4*y - 0*t - 230. Let u = 5 - -17. Calculate the highest common factor of u and y.
11
Suppose -3*h + 6 = -w, 2*h - h + w + 2 = 0. Let l be (4 - h)*(-52)/(-6). Calculate the g